{"id":2947,"date":"2024-06-14T13:33:16","date_gmt":"2024-06-14T11:33:16","guid":{"rendered":"https:\/\/crea.enseignementdemichael.fr\/?page_id=2947"},"modified":"2025-01-02T23:42:06","modified_gmt":"2025-01-02T22:42:06","slug":"formation-la-saison-des-archanges","status":"publish","type":"page","link":"https:\/\/enseignementdemichael.fr\/index.php\/formation-la-saison-des-archanges\/","title":{"rendered":"FORMATION LA SAISON DES ARCHANGES"},"content":{"rendered":"\t\t<div data-elementor-type=\"wp-page\" data-elementor-id=\"2947\" class=\"elementor elementor-2947\">\n\t\t\t\t<div class=\"elementor-element elementor-element-03c9468 e-flex e-con-boxed e-con e-parent\" data-id=\"03c9468\" data-element_type=\"container\">\n\t\t\t\t\t<div class=\"e-con-inner\">\n\t\t\t\t<div class=\"elementor-element elementor-element-73ca0da elementor-widget elementor-widget-spacer\" data-id=\"73ca0da\" data-element_type=\"widget\" data-widget_type=\"spacer.default\">\n\t\t\t\t<div class=\"elementor-widget-container\">\n\t\t\t\t\t\t\t<div class=\"elementor-spacer\">\n\t\t\t<div class=\"elementor-spacer-inner\"><\/div>\n\t\t<\/div>\n\t\t\t\t\t\t<\/div>\n\t\t\t\t<\/div>\n\t\t\t\t\t<\/div>\n\t\t\t\t<\/div>\n\t\t<div class=\"elementor-element elementor-element-fc5834f e-flex e-con-boxed e-con e-parent\" data-id=\"fc5834f\" data-element_type=\"container\">\n\t\t\t\t\t<div class=\"e-con-inner\">\n\t\t\t\t<div class=\"elementor-element elementor-element-c9d24e6 elementor-widget elementor-widget-heading\" data-id=\"c9d24e6\" data-element_type=\"widget\" data-widget_type=\"heading.default\">\n\t\t\t\t<div class=\"elementor-widget-container\">\n\t\t\t\t\t<h2 class=\"elementor-heading-title elementor-size-default\">Nos vid\u00e9os<\/h2>\t\t\t\t<\/div>\n\t\t\t\t<\/div>\n\t\t\t\t\t<\/div>\n\t\t\t\t<\/div>\n\t\t<div class=\"elementor-element elementor-element-17971a1 e-flex e-con-boxed e-con e-parent\" data-id=\"17971a1\" data-element_type=\"container\">\n\t\t\t\t\t<div class=\"e-con-inner\">\n\t\t<div class=\"elementor-element elementor-element-2baf4d9 e-con-full e-flex e-con e-child\" data-id=\"2baf4d9\" data-element_type=\"container\">\n\t\t\t\t<div class=\"elementor-element elementor-element-bcf9304 elementor-widget elementor-widget-image\" data-id=\"bcf9304\" data-element_type=\"widget\" data-widget_type=\"image.default\">\n\t\t\t\t<div class=\"elementor-widget-container\">\n\t\t\t\t\t\t\t\t\t\t\t\t\t\t\t\t<a href=\"https:\/\/www.youtube.com\/watch?v=TCtyhB6NRjQ\">\n\t\t\t\t\t\t\t<img fetchpriority=\"high\" decoding=\"async\" width=\"626\" height=\"417\" src=\"https:\/\/enseignementdemichael.fr\/wp-content\/uploads\/2024\/06\/live-1-uriel-.png\" class=\"elementor-animation-float attachment-large size-large wp-image-3001\" alt=\"\" srcset=\"https:\/\/enseignementdemichael.fr\/wp-content\/uploads\/2024\/06\/live-1-uriel-.png 626w, https:\/\/enseignementdemichael.fr\/wp-content\/uploads\/2024\/06\/live-1-uriel--300x200.png 300w, https:\/\/enseignementdemichael.fr\/wp-content\/uploads\/2024\/06\/live-1-uriel--600x400.png 600w\" sizes=\"(max-width: 626px) 100vw, 626px\" \/>\t\t\t\t\t\t\t\t<\/a>\n\t\t\t\t\t\t\t\t\t\t\t\t\t\t\t<\/div>\n\t\t\t\t<\/div>\n\t\t\t\t<div class=\"elementor-element elementor-element-e81eb8d e-transform e-transform elementor-widget elementor-widget-heading\" data-id=\"e81eb8d\" data-element_type=\"widget\" data-settings=\"{&quot;_transform_scale_effect_hover&quot;:{&quot;unit&quot;:&quot;px&quot;,&quot;size&quot;:1.2,&quot;sizes&quot;:[]},&quot;_transform_scaleX_effect&quot;:{&quot;unit&quot;:&quot;px&quot;,&quot;size&quot;:&quot;&quot;,&quot;sizes&quot;:[]},&quot;_transform_scaleX_effect_tablet&quot;:{&quot;unit&quot;:&quot;px&quot;,&quot;size&quot;:&quot;&quot;,&quot;sizes&quot;:[]},&quot;_transform_scaleX_effect_mobile&quot;:{&quot;unit&quot;:&quot;px&quot;,&quot;size&quot;:&quot;&quot;,&quot;sizes&quot;:[]},&quot;_transform_scaleY_effect&quot;:{&quot;unit&quot;:&quot;px&quot;,&quot;size&quot;:&quot;&quot;,&quot;sizes&quot;:[]},&quot;_transform_scaleY_effect_tablet&quot;:{&quot;unit&quot;:&quot;px&quot;,&quot;size&quot;:&quot;&quot;,&quot;sizes&quot;:[]},&quot;_transform_scaleY_effect_mobile&quot;:{&quot;unit&quot;:&quot;px&quot;,&quot;size&quot;:&quot;&quot;,&quot;sizes&quot;:[]},&quot;_transform_scale_effect_hover_tablet&quot;:{&quot;unit&quot;:&quot;px&quot;,&quot;size&quot;:&quot;&quot;,&quot;sizes&quot;:[]},&quot;_transform_scale_effect_hover_mobile&quot;:{&quot;unit&quot;:&quot;px&quot;,&quot;size&quot;:&quot;&quot;,&quot;sizes&quot;:[]}}\" data-widget_type=\"heading.default\">\n\t\t\t\t<div class=\"elementor-widget-container\">\n\t\t\t\t\t<h2 class=\"elementor-heading-title elementor-size-default\"><a href=\"https:\/\/www.youtube.com\/watch?v=TCtyhB6NRjQ\">Formation 1<\/a><\/h2>\t\t\t\t<\/div>\n\t\t\t\t<\/div>\n\t\t\t\t<\/div>\n\t\t<div class=\"elementor-element elementor-element-27a439f e-con-full e-flex e-con e-child\" data-id=\"27a439f\" data-element_type=\"container\">\n\t\t\t\t<div class=\"elementor-element elementor-element-d167973 elementor-widget elementor-widget-image\" data-id=\"d167973\" data-element_type=\"widget\" data-widget_type=\"image.default\">\n\t\t\t\t<div class=\"elementor-widget-container\">\n\t\t\t\t\t\t\t\t\t\t\t\t\t\t\t\t<a href=\"https:\/\/www.youtube.com\/watch?v=Se6ztnRroa4\">\n\t\t\t\t\t\t\t<img decoding=\"async\" width=\"626\" height=\"417\" src=\"https:\/\/enseignementdemichael.fr\/wp-content\/uploads\/2024\/06\/live-2-gabriel-consultante-en-miracles.jpg\" class=\"elementor-animation-float attachment-large size-large wp-image-3002\" alt=\"\" srcset=\"https:\/\/enseignementdemichael.fr\/wp-content\/uploads\/2024\/06\/live-2-gabriel-consultante-en-miracles.jpg 626w, https:\/\/enseignementdemichael.fr\/wp-content\/uploads\/2024\/06\/live-2-gabriel-consultante-en-miracles-300x200.jpg 300w, https:\/\/enseignementdemichael.fr\/wp-content\/uploads\/2024\/06\/live-2-gabriel-consultante-en-miracles-600x400.jpg 600w\" sizes=\"(max-width: 626px) 100vw, 626px\" \/>\t\t\t\t\t\t\t\t<\/a>\n\t\t\t\t\t\t\t\t\t\t\t\t\t\t\t<\/div>\n\t\t\t\t<\/div>\n\t\t\t\t<div class=\"elementor-element elementor-element-46538e5 e-transform elementor-widget elementor-widget-heading\" data-id=\"46538e5\" data-element_type=\"widget\" data-settings=\"{&quot;_transform_scale_effect_hover&quot;:{&quot;unit&quot;:&quot;px&quot;,&quot;size&quot;:1.2,&quot;sizes&quot;:[]},&quot;_transform_scale_effect_hover_tablet&quot;:{&quot;unit&quot;:&quot;px&quot;,&quot;size&quot;:&quot;&quot;,&quot;sizes&quot;:[]},&quot;_transform_scale_effect_hover_mobile&quot;:{&quot;unit&quot;:&quot;px&quot;,&quot;size&quot;:&quot;&quot;,&quot;sizes&quot;:[]}}\" data-widget_type=\"heading.default\">\n\t\t\t\t<div class=\"elementor-widget-container\">\n\t\t\t\t\t<h2 class=\"elementor-heading-title elementor-size-default\"><a href=\"https:\/\/www.youtube.com\/watch?v=Se6ztnRroa4\">Formation 2<\/a><\/h2>\t\t\t\t<\/div>\n\t\t\t\t<\/div>\n\t\t\t\t<\/div>\n\t\t<div class=\"elementor-element elementor-element-2b21ff0 e-con-full e-flex e-con e-child\" data-id=\"2b21ff0\" data-element_type=\"container\">\n\t\t\t\t<div class=\"elementor-element elementor-element-035b038 elementor-widget elementor-widget-image\" data-id=\"035b038\" data-element_type=\"widget\" data-widget_type=\"image.default\">\n\t\t\t\t<div class=\"elementor-widget-container\">\n\t\t\t\t\t\t\t\t\t\t\t\t\t\t\t\t<a href=\"https:\/\/www.youtube.com\/watch?v=S0iynF8UUV0\">\n\t\t\t\t\t\t\t<img decoding=\"async\" width=\"626\" height=\"417\" src=\"https:\/\/enseignementdemichael.fr\/wp-content\/uploads\/2024\/06\/live-3-michael-Repoussez-les-limites-de-limpossible.png\" class=\"elementor-animation-float attachment-large size-large wp-image-3003\" alt=\"\" srcset=\"https:\/\/enseignementdemichael.fr\/wp-content\/uploads\/2024\/06\/live-3-michael-Repoussez-les-limites-de-limpossible.png 626w, https:\/\/enseignementdemichael.fr\/wp-content\/uploads\/2024\/06\/live-3-michael-Repoussez-les-limites-de-limpossible-300x200.png 300w, https:\/\/enseignementdemichael.fr\/wp-content\/uploads\/2024\/06\/live-3-michael-Repoussez-les-limites-de-limpossible-600x400.png 600w\" sizes=\"(max-width: 626px) 100vw, 626px\" \/>\t\t\t\t\t\t\t\t<\/a>\n\t\t\t\t\t\t\t\t\t\t\t\t\t\t\t<\/div>\n\t\t\t\t<\/div>\n\t\t\t\t<div class=\"elementor-element elementor-element-82bf5b1 e-transform elementor-widget elementor-widget-heading\" data-id=\"82bf5b1\" data-element_type=\"widget\" data-settings=\"{&quot;_transform_scale_effect_hover&quot;:{&quot;unit&quot;:&quot;px&quot;,&quot;size&quot;:1.2,&quot;sizes&quot;:[]},&quot;_transform_scale_effect_hover_tablet&quot;:{&quot;unit&quot;:&quot;px&quot;,&quot;size&quot;:&quot;&quot;,&quot;sizes&quot;:[]},&quot;_transform_scale_effect_hover_mobile&quot;:{&quot;unit&quot;:&quot;px&quot;,&quot;size&quot;:&quot;&quot;,&quot;sizes&quot;:[]}}\" data-widget_type=\"heading.default\">\n\t\t\t\t<div class=\"elementor-widget-container\">\n\t\t\t\t\t<h2 class=\"elementor-heading-title elementor-size-default\"><a href=\"https:\/\/www.youtube.com\/watch?v=S0iynF8UUV0\">Formation 3<\/a><\/h2>\t\t\t\t<\/div>\n\t\t\t\t<\/div>\n\t\t\t\t<\/div>\n\t\t\t\t\t<\/div>\n\t\t\t\t<\/div>\n\t\t<div class=\"elementor-element elementor-element-f5060d1 e-flex e-con-boxed e-con e-parent\" data-id=\"f5060d1\" data-element_type=\"container\">\n\t\t\t\t\t<div class=\"e-con-inner\">\n\t\t\t\t<div class=\"elementor-element elementor-element-43386ec elementor-widget elementor-widget-spacer\" data-id=\"43386ec\" data-element_type=\"widget\" data-widget_type=\"spacer.default\">\n\t\t\t\t<div class=\"elementor-widget-container\">\n\t\t\t\t\t\t\t<div class=\"elementor-spacer\">\n\t\t\t<div class=\"elementor-spacer-inner\"><\/div>\n\t\t<\/div>\n\t\t\t\t\t\t<\/div>\n\t\t\t\t<\/div>\n\t\t\t\t\t<\/div>\n\t\t\t\t<\/div>\n\t\t<div class=\"elementor-element elementor-element-a140a60 e-flex e-con-boxed e-con e-parent\" data-id=\"a140a60\" data-element_type=\"container\">\n\t\t\t\t\t<div class=\"e-con-inner\">\n\t\t\t\t<div class=\"elementor-element elementor-element-14164af elementor-widget elementor-widget-image\" data-id=\"14164af\" data-element_type=\"widget\" data-widget_type=\"image.default\">\n\t\t\t\t<div class=\"elementor-widget-container\">\n\t\t\t\t\t\t\t\t\t\t\t\t\t\t\t<img loading=\"lazy\" decoding=\"async\" width=\"1024\" height=\"274\" src=\"https:\/\/enseignementdemichael.fr\/wp-content\/uploads\/2024\/06\/Capture-decran-2024-06-05-a-12.53.30-1024x274.png\" class=\"attachment-large size-large wp-image-2951\" alt=\"\" srcset=\"https:\/\/enseignementdemichael.fr\/wp-content\/uploads\/2024\/06\/Capture-decran-2024-06-05-a-12.53.30-1024x274.png 1024w, https:\/\/enseignementdemichael.fr\/wp-content\/uploads\/2024\/06\/Capture-decran-2024-06-05-a-12.53.30-300x80.png 300w, https:\/\/enseignementdemichael.fr\/wp-content\/uploads\/2024\/06\/Capture-decran-2024-06-05-a-12.53.30-768x205.png 768w, https:\/\/enseignementdemichael.fr\/wp-content\/uploads\/2024\/06\/Capture-decran-2024-06-05-a-12.53.30-1536x410.png 1536w, https:\/\/enseignementdemichael.fr\/wp-content\/uploads\/2024\/06\/Capture-decran-2024-06-05-a-12.53.30-2048x547.png 2048w, https:\/\/enseignementdemichael.fr\/wp-content\/uploads\/2024\/06\/Capture-decran-2024-06-05-a-12.53.30-600x160.png 600w\" sizes=\"(max-width: 1024px) 100vw, 1024px\" \/>\t\t\t\t\t\t\t\t\t\t\t\t\t\t\t<\/div>\n\t\t\t\t<\/div>\n\t\t\t\t\t<\/div>\n\t\t\t\t<\/div>\n\t\t<div class=\"elementor-element elementor-element-fa1346a e-flex e-con-boxed e-con e-parent\" data-id=\"fa1346a\" data-element_type=\"container\">\n\t\t\t\t\t<div class=\"e-con-inner\">\n\t\t\t\t<div class=\"elementor-element elementor-element-8beadb7 elementor-widget elementor-widget-image\" data-id=\"8beadb7\" data-element_type=\"widget\" data-widget_type=\"image.default\">\n\t\t\t\t<div class=\"elementor-widget-container\">\n\t\t\t\t\t\t\t\t\t\t\t\t\t\t\t\t<a href=\"https:\/\/formations.enseignementdemichael.fr\/daeacc11\">\n\t\t\t\t\t\t\t<img loading=\"lazy\" decoding=\"async\" width=\"768\" height=\"95\" src=\"https:\/\/enseignementdemichael.fr\/wp-content\/uploads\/2024\/06\/Capture-decran-2024-06-05-a-12.54.38-768x95.png\" class=\"elementor-animation-shrink attachment-medium_large size-medium_large wp-image-2952\" alt=\"\" srcset=\"https:\/\/enseignementdemichael.fr\/wp-content\/uploads\/2024\/06\/Capture-decran-2024-06-05-a-12.54.38-768x95.png 768w, https:\/\/enseignementdemichael.fr\/wp-content\/uploads\/2024\/06\/Capture-decran-2024-06-05-a-12.54.38-300x37.png 300w, https:\/\/enseignementdemichael.fr\/wp-content\/uploads\/2024\/06\/Capture-decran-2024-06-05-a-12.54.38-1024x126.png 1024w, https:\/\/enseignementdemichael.fr\/wp-content\/uploads\/2024\/06\/Capture-decran-2024-06-05-a-12.54.38-600x74.png 600w, https:\/\/enseignementdemichael.fr\/wp-content\/uploads\/2024\/06\/Capture-decran-2024-06-05-a-12.54.38.png 1102w\" sizes=\"(max-width: 768px) 100vw, 768px\" \/>\t\t\t\t\t\t\t\t<\/a>\n\t\t\t\t\t\t\t\t\t\t\t\t\t\t\t<\/div>\n\t\t\t\t<\/div>\n\t\t\t\t\t<\/div>\n\t\t\t\t<\/div>\n\t\t<div class=\"elementor-element elementor-element-ff70060 e-flex e-con-boxed e-con e-parent\" data-id=\"ff70060\" data-element_type=\"container\">\n\t\t\t\t\t<div class=\"e-con-inner\">\n\t\t\t\t<div class=\"elementor-element elementor-element-3a353ff elementor-widget elementor-widget-heading\" data-id=\"3a353ff\" data-element_type=\"widget\" data-widget_type=\"heading.default\">\n\t\t\t\t<div class=\"elementor-widget-container\">\n\t\t\t\t\t<h2 class=\"elementor-heading-title elementor-size-default\">Il semble qu\u2019il y ait un vide\u2026 une multitude d\u2019entrepreneur(e)s et ind\u00e9pendant(e)s sont ext\u00e9nu\u00e9(e)s, au bord du burn-out.\n\n<br><br>Vous est-il d\u00e9j\u00e0 arriv\u00e9 de sentir qu\u2019un vide subsistait dans votre existence?\n\n<br><br>Comme si vous naviguiez \u00e0 travers l\u2019existence sans pleinement exploiter vos capacit\u00e9s?\n\n<br><br>Si tel est votre ressenti, rassurez-vous, vous n\u2019\u00eates pas isol\u00e9!\n\n<br><br>Nombreux sont ceux qui d\u00e9sirent parvenir \u00e0 une meilleure connaissance de soi et d\u00e9couvrir\n\n<br><br>comment lib\u00e9rer leur potentiel total pour \u00e9panouir pleinement leur vie.\n\n<br><br>Peut-\u00eatre avez-vous d\u00e9j\u00e0 sollicit\u00e9 l\u2019expertise de sp\u00e9cialistes en qu\u00eate de r\u00e9ponses,\n\n<br><br>dans l\u2019espoir de saisir plus profond\u00e9ment votre \u00e9nergie singuli\u00e8re et votre objectif de vie.\n\n<br><br>M\u00eame si ces experts peuvent offrir des \u00e9clairages utiles, il convient de se rappeler qu\u2019il est ardu\n\n<br><br>pour un sp\u00e9cialiste de fournir une vue exhaustive de votre trajectoire et des moyens de m\u00e9tamorphoser\n\n<br><br>votre gouvernance de vie en une simple s\u00e9ance de 60 \u00e0 90 minutes.\n\n<br><br>Il ne faut pas oublier non plus l\u2019agacement ressenti lors de la qu\u00eate d\u2019informations fiables en ligne.\n\n<br><br>Rechercher des r\u00e9ponses sur Google peut rapidement devenir un enchev\u00eatrement de points de vue\n\n<br><br>et de donn\u00e9es contradictoires, vous laissant davantage perdue et irrit\u00e9e qu\u2019auparavant.\n\n<br><br>L\u2019\u00e9l\u00e9ment manquant\u2026\n\n<br><br>Le programme de trois mois Etoile Naissante est l\u2019\u00e9l\u00e9ment manquant pour d\u00e9bloquer les secrets\n\n<br><br>\u2013 les profondeurs de qui vous \u00eates vraiment!\n\n<br><br>Avec la coop\u00e9ration de la sagesse s\u00e9culaire des plans divins,\n\n<br><br>vous allez avoir acc\u00e8s \u00e0 des informations pr\u00e9cises et transformationnelles,\n\n<br><br>et vous obtiendrez des cl\u00e9s extraordinaires d\u2019\u00e9volution de conscience comme vous n\u2019en aviez jamais re\u00e7ues auparavant.\n\n<br><br>Ce programme devrait \u00eatre obligatoire pour tout gu\u00e9risseur, coach,\n\n<br><br>consultant bien-\u00eatre, accompagnant ou th\u00e9rapeute qui se respecte et respecte sa client\u00e8le.\n\n<br><br>Pour ma\u00eetriser son monde int\u00e9rieur, sortir de sa matrice d\u00e9fensive inconsciente,\n\n<br><br>des pollutions mentales et pouvoir offrir le meilleur de soi \u00e0 ses consultants!<\/h2>\t\t\t\t<\/div>\n\t\t\t\t<\/div>\n\t\t\t\t\t<\/div>\n\t\t\t\t<\/div>\n\t\t<div class=\"elementor-element elementor-element-ea3652a e-flex e-con-boxed e-con e-parent\" data-id=\"ea3652a\" data-element_type=\"container\">\n\t\t\t\t\t<div class=\"e-con-inner\">\n\t\t\t\t<div class=\"elementor-element elementor-element-0c1393e elementor-widget elementor-widget-image\" data-id=\"0c1393e\" data-element_type=\"widget\" data-widget_type=\"image.default\">\n\t\t\t\t<div class=\"elementor-widget-container\">\n\t\t\t\t\t\t\t\t\t\t\t\t\t\t\t\t<a href=\"https:\/\/formations.enseignementdemichael.fr\/daeacc11\">\n\t\t\t\t\t\t\t<img loading=\"lazy\" decoding=\"async\" width=\"768\" height=\"95\" src=\"https:\/\/enseignementdemichael.fr\/wp-content\/uploads\/2024\/06\/Capture-decran-2024-06-05-a-12.54.38-768x95.png\" class=\"elementor-animation-shrink attachment-medium_large size-medium_large wp-image-2952\" alt=\"\" srcset=\"https:\/\/enseignementdemichael.fr\/wp-content\/uploads\/2024\/06\/Capture-decran-2024-06-05-a-12.54.38-768x95.png 768w, https:\/\/enseignementdemichael.fr\/wp-content\/uploads\/2024\/06\/Capture-decran-2024-06-05-a-12.54.38-300x37.png 300w, https:\/\/enseignementdemichael.fr\/wp-content\/uploads\/2024\/06\/Capture-decran-2024-06-05-a-12.54.38-1024x126.png 1024w, https:\/\/enseignementdemichael.fr\/wp-content\/uploads\/2024\/06\/Capture-decran-2024-06-05-a-12.54.38-600x74.png 600w, https:\/\/enseignementdemichael.fr\/wp-content\/uploads\/2024\/06\/Capture-decran-2024-06-05-a-12.54.38.png 1102w\" sizes=\"(max-width: 768px) 100vw, 768px\" \/>\t\t\t\t\t\t\t\t<\/a>\n\t\t\t\t\t\t\t\t\t\t\t\t\t\t\t<\/div>\n\t\t\t\t<\/div>\n\t\t\t\t\t<\/div>\n\t\t\t\t<\/div>\n\t\t<div class=\"elementor-element elementor-element-6d13d40 e-flex e-con-boxed e-con e-parent\" data-id=\"6d13d40\" data-element_type=\"container\">\n\t\t\t\t\t<div class=\"e-con-inner\">\n\t\t\t\t<div class=\"elementor-element elementor-element-82b3242 elementor-widget elementor-widget-image\" data-id=\"82b3242\" data-element_type=\"widget\" data-widget_type=\"image.default\">\n\t\t\t\t<div class=\"elementor-widget-container\">\n\t\t\t\t\t\t\t\t\t\t\t\t\t\t\t<img loading=\"lazy\" decoding=\"async\" width=\"1024\" height=\"529\" src=\"https:\/\/enseignementdemichael.fr\/wp-content\/uploads\/2024\/06\/Capture-decran-2024-06-05-a-12.57.03-1024x529.png\" class=\"attachment-large size-large wp-image-2953\" alt=\"\" srcset=\"https:\/\/enseignementdemichael.fr\/wp-content\/uploads\/2024\/06\/Capture-decran-2024-06-05-a-12.57.03-1024x529.png 1024w, https:\/\/enseignementdemichael.fr\/wp-content\/uploads\/2024\/06\/Capture-decran-2024-06-05-a-12.57.03-300x155.png 300w, https:\/\/enseignementdemichael.fr\/wp-content\/uploads\/2024\/06\/Capture-decran-2024-06-05-a-12.57.03-768x397.png 768w, https:\/\/enseignementdemichael.fr\/wp-content\/uploads\/2024\/06\/Capture-decran-2024-06-05-a-12.57.03-600x310.png 600w, https:\/\/enseignementdemichael.fr\/wp-content\/uploads\/2024\/06\/Capture-decran-2024-06-05-a-12.57.03.png 1274w\" sizes=\"(max-width: 1024px) 100vw, 1024px\" \/>\t\t\t\t\t\t\t\t\t\t\t\t\t\t\t<\/div>\n\t\t\t\t<\/div>\n\t\t\t\t\t<\/div>\n\t\t\t\t<\/div>\n\t\t<div class=\"elementor-element elementor-element-502ce2d e-flex e-con-boxed e-con e-parent\" data-id=\"502ce2d\" data-element_type=\"container\">\n\t\t\t\t\t<div class=\"e-con-inner\">\n\t\t\t\t<div class=\"elementor-element elementor-element-aba4470 elementor-widget elementor-widget-image\" data-id=\"aba4470\" data-element_type=\"widget\" data-widget_type=\"image.default\">\n\t\t\t\t<div class=\"elementor-widget-container\">\n\t\t\t\t\t\t\t\t\t\t\t\t\t\t\t\t<a href=\"https:\/\/formations.enseignementdemichael.fr\/daeacc11\">\n\t\t\t\t\t\t\t<img loading=\"lazy\" decoding=\"async\" width=\"768\" height=\"95\" src=\"https:\/\/enseignementdemichael.fr\/wp-content\/uploads\/2024\/06\/Capture-decran-2024-06-05-a-12.54.38-768x95.png\" class=\"elementor-animation-shrink attachment-medium_large size-medium_large wp-image-2952\" alt=\"\" srcset=\"https:\/\/enseignementdemichael.fr\/wp-content\/uploads\/2024\/06\/Capture-decran-2024-06-05-a-12.54.38-768x95.png 768w, https:\/\/enseignementdemichael.fr\/wp-content\/uploads\/2024\/06\/Capture-decran-2024-06-05-a-12.54.38-300x37.png 300w, https:\/\/enseignementdemichael.fr\/wp-content\/uploads\/2024\/06\/Capture-decran-2024-06-05-a-12.54.38-1024x126.png 1024w, https:\/\/enseignementdemichael.fr\/wp-content\/uploads\/2024\/06\/Capture-decran-2024-06-05-a-12.54.38-600x74.png 600w, https:\/\/enseignementdemichael.fr\/wp-content\/uploads\/2024\/06\/Capture-decran-2024-06-05-a-12.54.38.png 1102w\" sizes=\"(max-width: 768px) 100vw, 768px\" \/>\t\t\t\t\t\t\t\t<\/a>\n\t\t\t\t\t\t\t\t\t\t\t\t\t\t\t<\/div>\n\t\t\t\t<\/div>\n\t\t\t\t\t<\/div>\n\t\t\t\t<\/div>\n\t\t<div class=\"elementor-element elementor-element-8f0b4b5 e-flex e-con-boxed e-con e-parent\" data-id=\"8f0b4b5\" data-element_type=\"container\">\n\t\t\t\t\t<div class=\"e-con-inner\">\n\t\t\t\t<div class=\"elementor-element elementor-element-81ee4e4 elementor-widget elementor-widget-heading\" data-id=\"81ee4e4\" data-element_type=\"widget\" data-widget_type=\"heading.default\">\n\t\t\t\t<div class=\"elementor-widget-container\">\n\t\t\t\t\t<h2 class=\"elementor-heading-title elementor-size-default\">Le programme complet:\n\n<br><br>-6 enseignements de Micha\u00ebl canalis\u00e9s n\u00b014 \u00e0 n\u00b019 (6h de contenus puissants et profonds, transformateurs) n\u00b014 \u00e0 n\u00b019\n\n<br><br>-Tout bonus associ\u00e9 aux enseignements\n\n<br><br>-1 retraite virtuelle collective de 2h00\n\n<br><br>-L\u2019Acc\u00e8s au groupe ultra priv\u00e9 l\u2019Alchimiste avec exercices et bonus\n\n<br><br>\u2013 Soin Audio 60\u2032 de reprogrammation avec Uriel\n\n<br><br>-1 Place Offerte au futur s\u00e9minaire en pr\u00e9sentiel\n\n<\/h2>\t\t\t\t<\/div>\n\t\t\t\t<\/div>\n\t\t\t\t\t<\/div>\n\t\t\t\t<\/div>\n\t\t<div class=\"elementor-element elementor-element-18fe430 e-flex e-con-boxed e-con e-parent\" data-id=\"18fe430\" data-element_type=\"container\">\n\t\t\t\t\t<div class=\"e-con-inner\">\n\t\t\t\t<div class=\"elementor-element elementor-element-3376afa elementor-widget elementor-widget-image\" data-id=\"3376afa\" data-element_type=\"widget\" data-widget_type=\"image.default\">\n\t\t\t\t<div class=\"elementor-widget-container\">\n\t\t\t\t\t\t\t\t\t\t\t\t\t\t\t<img loading=\"lazy\" decoding=\"async\" width=\"1024\" height=\"678\" src=\"https:\/\/enseignementdemichael.fr\/wp-content\/uploads\/2024\/06\/Capture-decran-2024-06-05-a-12.58.44-1024x678.png\" class=\"attachment-large size-large wp-image-2954\" alt=\"\" srcset=\"https:\/\/enseignementdemichael.fr\/wp-content\/uploads\/2024\/06\/Capture-decran-2024-06-05-a-12.58.44-1024x678.png 1024w, https:\/\/enseignementdemichael.fr\/wp-content\/uploads\/2024\/06\/Capture-decran-2024-06-05-a-12.58.44-300x199.png 300w, https:\/\/enseignementdemichael.fr\/wp-content\/uploads\/2024\/06\/Capture-decran-2024-06-05-a-12.58.44-768x509.png 768w, https:\/\/enseignementdemichael.fr\/wp-content\/uploads\/2024\/06\/Capture-decran-2024-06-05-a-12.58.44-600x397.png 600w, https:\/\/enseignementdemichael.fr\/wp-content\/uploads\/2024\/06\/Capture-decran-2024-06-05-a-12.58.44.png 1250w\" sizes=\"(max-width: 1024px) 100vw, 1024px\" \/>\t\t\t\t\t\t\t\t\t\t\t\t\t\t\t<\/div>\n\t\t\t\t<\/div>\n\t\t\t\t\t<\/div>\n\t\t\t\t<\/div>\n\t\t<div class=\"elementor-element elementor-element-93d8042 e-flex e-con-boxed e-con e-parent\" data-id=\"93d8042\" data-element_type=\"container\">\n\t\t\t\t\t<div class=\"e-con-inner\">\n\t\t\t\t<div class=\"elementor-element elementor-element-b6cff8b elementor-widget elementor-widget-heading\" data-id=\"b6cff8b\" data-element_type=\"widget\" data-widget_type=\"heading.default\">\n\t\t\t\t<div class=\"elementor-widget-container\">\n\t\t\t\t\t<h2 class=\"elementor-heading-title elementor-size-default\">Voici 1 t\u00e9moignage parmi des centaines!\n\n<br><br>T\u00e9moignage de Aurore L-K. Juriste \u2013 Allemagne:\n\n<br><br>Fabiola est mon armurier en pri\u00e8res.\n\n<br><br>Quand je l\u2019ai contact\u00e9e, j\u2019\u00e9tais tres fatigu\u00e9e, j\u2019avais de gros problemes de sommeil, des crises de paniques et d\u2019angoisses.\n\n<br><br>Aujourd\u2019hui, tous ces maux sont derriere moi.\n\n<br><br>Nous continuons notre route ensemble.\n\n<br><br>Faites lui confiance.\n\n<br><br>-Aurore-\n\n<\/h2>\t\t\t\t<\/div>\n\t\t\t\t<\/div>\n\t\t\t\t\t<\/div>\n\t\t\t\t<\/div>\n\t\t\t\t<\/div>\n\t\t","protected":false},"excerpt":{"rendered":"<p>Nos vid\u00e9os Formation 1 Formation 2 Formation 3 Il semble qu\u2019il y ait un vide\u2026 une multitude d\u2019entrepreneur(e)s et ind\u00e9pendant(e)s sont ext\u00e9nu\u00e9(e)s, au bord du burn-out. Vous est-il d\u00e9j\u00e0 arriv\u00e9 de sentir qu\u2019un vide subsistait dans votre existence? Comme si vous naviguiez \u00e0 travers l\u2019existence sans pleinement exploiter vos capacit\u00e9s? Si tel est votre ressenti, [&hellip;]<\/p>\n","protected":false},"author":1,"featured_media":0,"parent":0,"menu_order":0,"comment_status":"closed","ping_status":"closed","template":"elementor_header_footer","meta":{"footnotes":""},"class_list":["post-2947","page","type-page","status-publish","hentry"],"_links":{"self":[{"href":"https:\/\/enseignementdemichael.fr\/index.php\/wp-json\/wp\/v2\/pages\/2947","targetHints":{"allow":["GET"]}}],"collection":[{"href":"https:\/\/enseignementdemichael.fr\/index.php\/wp-json\/wp\/v2\/pages"}],"about":[{"href":"https:\/\/enseignementdemichael.fr\/index.php\/wp-json\/wp\/v2\/types\/page"}],"author":[{"embeddable":true,"href":"https:\/\/enseignementdemichael.fr\/index.php\/wp-json\/wp\/v2\/users\/1"}],"replies":[{"embeddable":true,"href":"https:\/\/enseignementdemichael.fr\/index.php\/wp-json\/wp\/v2\/comments?post=2947"}],"version-history":[{"count":22,"href":"https:\/\/enseignementdemichael.fr\/index.php\/wp-json\/wp\/v2\/pages\/2947\/revisions"}],"predecessor-version":[{"id":3303,"href":"https:\/\/enseignementdemichael.fr\/index.php\/wp-json\/wp\/v2\/pages\/2947\/revisions\/3303"}],"wp:attachment":[{"href":"https:\/\/enseignementdemichael.fr\/index.php\/wp-json\/wp\/v2\/media?parent=2947"}],"curies":[{"name":"wp","href":"https:\/\/api.w.org\/{rel}","templated":true}]}}