{"id":1436,"date":"2024-04-10T18:51:22","date_gmt":"2024-04-10T16:51:22","guid":{"rendered":"https:\/\/crea.enseignementdemichael.fr\/?page_id=1436"},"modified":"2024-04-19T16:17:32","modified_gmt":"2024-04-19T14:17:32","slug":"mentions-legales","status":"publish","type":"page","link":"https:\/\/enseignementdemichael.fr\/index.php\/mentions-legales\/","title":{"rendered":"Mentions l\u00e9gales"},"content":{"rendered":"\t\t<div data-elementor-type=\"wp-page\" data-elementor-id=\"1436\" class=\"elementor elementor-1436\">\n\t\t\t\t<div class=\"elementor-element elementor-element-faecc53 e-flex e-con-boxed e-con e-parent\" data-id=\"faecc53\" data-element_type=\"container\">\n\t\t\t\t\t<div class=\"e-con-inner\">\n\t\t\t\t<div class=\"elementor-element elementor-element-d1acf80 elementor-widget elementor-widget-spacer\" data-id=\"d1acf80\" data-element_type=\"widget\" data-widget_type=\"spacer.default\">\n\t\t\t\t<div class=\"elementor-widget-container\">\n\t\t\t\t\t\t\t<div class=\"elementor-spacer\">\n\t\t\t<div class=\"elementor-spacer-inner\"><\/div>\n\t\t<\/div>\n\t\t\t\t\t\t<\/div>\n\t\t\t\t<\/div>\n\t\t\t\t\t<\/div>\n\t\t\t\t<\/div>\n\t\t<div class=\"elementor-element elementor-element-a7bc682 e-flex e-con-boxed e-con e-parent\" data-id=\"a7bc682\" data-element_type=\"container\">\n\t\t\t\t\t<div class=\"e-con-inner\">\n\t\t\t\t<div class=\"elementor-element elementor-element-23f1295 elementor-widget elementor-widget-heading\" data-id=\"23f1295\" data-element_type=\"widget\" data-widget_type=\"heading.default\">\n\t\t\t\t<div class=\"elementor-widget-container\">\n\t\t\t\t\t<h2 class=\"elementor-heading-title elementor-size-default\">\n<br><br>Identification de l\u2019\u00e9diteur\nLe site www.enseignementdemichael.fr est \u00e9dit\u00e9 par la soci\u00e9t\u00e9 Webservices34.\n \n\n<br><br>Identification de l\u2019h\u00e9bergeur\nL\u2019h\u00e9bergeur du site est OVH.\n\n<br><br>Charte de protections des donn\u00e9es personnelles\n\n<br><br>R\u00e9pondre est facultatif, sauf concernant les informations n\u00e9cessaires \u00e0 la prise en compte de votre r\u00e9servation qui sont signal\u00e9es obligatoires.\n\n<br><br>Les informations renseign\u00e9es sur nos formulaires et questionnaires sont \u00e0 destination de Fabienne Mazet aux fins de gestion de votre r\u00e9servation et de prospection.\n\n \n\n<br><br>Conform\u00e9ment \u00e0 ce qu\u2019exige le droit applicable, vous disposez du droit d\u2019acc\u00e8s, de rectification, de mise \u00e0 jour, de verrouillage et de suppression de vos donn\u00e9es aupr\u00e8s de Fabienne Mazet.\nFabienne Mazet se r\u00e9serve le droit de vous adresser sa Newsletter ou tout autre offre similaire vous proposant des services de mise en relation analogues \u00e0 ceux dont vous avez b\u00e9n\u00e9fici\u00e9 pour votre r\u00e9servation, et ce par voie \u00e9lectronique, postale ou par t\u00e9l\u00e9phone.\n\n \n\n<br><br>Conform\u00e9ment au droit applicable, vous disposez d\u2019un droit d\u2019opposition qui peut s\u2019exercer :\n\n<br><br>en adressant un courrier \u00e9lectronique gr\u00e2ce au formulaire de contact du site enseignementdemichael.fr\nInformation sur les cookies\nVous \u00eates inform\u00e9 que lors de vos visites sur le Site, un cookie peut s\u2019installer automatiquement sur votre logiciel de navigation. Le cookie est un bloc de donn\u00e9es qui ne permet pas de vous identifier en tant qu\u2019utilisateur, mais qui permet d\u2019enregistrer des informations relatives \u00e0 votre navigation sur le Site. Conform\u00e9ment aux recommandations de la CNIL, nous vous indiquons que le param\u00e9trage du logiciel de navigation vous permet d\u2019\u00eatre inform\u00e9 de la pr\u00e9sence d\u2019un cookie et notamment de refuser un cookie.\n\n<br><br>Vous trouverez sur le site de la CNIL, toutes indications pour proc\u00e9der \u00e0 l\u2019activation ou la d\u00e9sactivation des cookies, suivant votre syst\u00e8me de navigation, \u00e0 l\u2019adresse www.cnil.fr.\n\n<br><br>La d\u00e9sactivation des cookies peut entra\u00eener une impossibilit\u00e9 d\u2019utiliser certains services du Site. Vous disposez d\u2019un droit d\u2019acc\u00e8s, d\u2019opposition, de rectification, de mise \u00e0 jour, de verrouillage et de suppression dans les conditions ci-dessus.\n\n \n\n<br><br><br>Conservation des donn\u00e9es\nLes donn\u00e9es que vous nous confiez et dont nous sommes responsables du traitement sont conserv\u00e9es par nous pendant une dur\u00e9e maximum de dix (10) ans, sauf d\u00e9sinscription ou exercice par vos soins de votre droit de rectification, mise \u00e0 jour ou suppression dans les conditions pr\u00e9cit\u00e9es.\n\n<br><br>Les visiteurs doivent consulter les politiques de protection des donn\u00e9es personnelles des sites de tiers vers lesquels le Site peut renvoyer ou pouvant renvoyer sur ce Site.\n\n<br><br>Sous r\u00e9serve de ce qui est express\u00e9ment pr\u00e9vu dans la pr\u00e9sente charte, Fabienne Mazet n\u2019est pas responsable des informations fournies \u00e0 ces tiers ou recueillies par eux et ne les contr\u00f4le pas.<\/h2>\t\t\t\t<\/div>\n\t\t\t\t<\/div>\n\t\t\t\t\t<\/div>\n\t\t\t\t<\/div>\n\t\t<div class=\"elementor-element elementor-element-b594f1a e-flex e-con-boxed e-con e-parent\" data-id=\"b594f1a\" data-element_type=\"container\">\n\t\t\t\t\t<div class=\"e-con-inner\">\n\t\t\t\t<div class=\"elementor-element elementor-element-fdcd786 elementor-widget elementor-widget-heading\" data-id=\"fdcd786\" data-element_type=\"widget\" data-widget_type=\"heading.default\">\n\t\t\t\t<div class=\"elementor-widget-container\">\n\t\t\t\t\t<h2 class=\"elementor-heading-title elementor-size-default\">\n<br><br>Vous souhaitez joindre notre service client :  fabiolatherapeute@gmail.com\n <\/h2>\t\t\t\t<\/div>\n\t\t\t\t<\/div>\n\t\t\t\t\t<\/div>\n\t\t\t\t<\/div>\n\t\t<div class=\"elementor-element elementor-element-0cf9ad1 e-flex e-con-boxed e-con e-parent\" data-id=\"0cf9ad1\" data-element_type=\"container\">\n\t\t\t\t\t<div class=\"e-con-inner\">\n\t\t\t\t<div class=\"elementor-element elementor-element-ad18b5a elementor-widget elementor-widget-spacer\" data-id=\"ad18b5a\" data-element_type=\"widget\" data-widget_type=\"spacer.default\">\n\t\t\t\t<div class=\"elementor-widget-container\">\n\t\t\t\t\t\t\t<div class=\"elementor-spacer\">\n\t\t\t<div class=\"elementor-spacer-inner\"><\/div>\n\t\t<\/div>\n\t\t\t\t\t\t<\/div>\n\t\t\t\t<\/div>\n\t\t\t\t\t<\/div>\n\t\t\t\t<\/div>\n\t\t\t\t<\/div>\n\t\t","protected":false},"excerpt":{"rendered":"<p>Identification de l\u2019\u00e9diteur Le site www.enseignementdemichael.fr est \u00e9dit\u00e9 par la soci\u00e9t\u00e9 Webservices34. Identification de l\u2019h\u00e9bergeur L\u2019h\u00e9bergeur du site est OVH. Charte de protections des donn\u00e9es personnelles R\u00e9pondre est facultatif, sauf concernant les informations n\u00e9cessaires \u00e0 la prise en compte de votre r\u00e9servation qui sont signal\u00e9es obligatoires. Les informations renseign\u00e9es sur nos formulaires et questionnaires sont [&hellip;]<\/p>\n","protected":false},"author":1,"featured_media":0,"parent":0,"menu_order":0,"comment_status":"closed","ping_status":"closed","template":"elementor_header_footer","meta":{"footnotes":""},"class_list":["post-1436","page","type-page","status-publish","hentry"],"_links":{"self":[{"href":"https:\/\/enseignementdemichael.fr\/index.php\/wp-json\/wp\/v2\/pages\/1436","targetHints":{"allow":["GET"]}}],"collection":[{"href":"https:\/\/enseignementdemichael.fr\/index.php\/wp-json\/wp\/v2\/pages"}],"about":[{"href":"https:\/\/enseignementdemichael.fr\/index.php\/wp-json\/wp\/v2\/types\/page"}],"author":[{"embeddable":true,"href":"https:\/\/enseignementdemichael.fr\/index.php\/wp-json\/wp\/v2\/users\/1"}],"replies":[{"embeddable":true,"href":"https:\/\/enseignementdemichael.fr\/index.php\/wp-json\/wp\/v2\/comments?post=1436"}],"version-history":[{"count":7,"href":"https:\/\/enseignementdemichael.fr\/index.php\/wp-json\/wp\/v2\/pages\/1436\/revisions"}],"predecessor-version":[{"id":2212,"href":"https:\/\/enseignementdemichael.fr\/index.php\/wp-json\/wp\/v2\/pages\/1436\/revisions\/2212"}],"wp:attachment":[{"href":"https:\/\/enseignementdemichael.fr\/index.php\/wp-json\/wp\/v2\/media?parent=1436"}],"curies":[{"name":"wp","href":"https:\/\/api.w.org\/{rel}","templated":true}]}}